at is -10024262 (base 7) in base 4?
-3022212203
What is -87272 (base 12) in base 15?
-37ca8
What is 103233211210 (base 4) in base 5?
2311110102
Convert 9732 (base 13) to base 5.
1132442
What is -214788 (base 11) in base 15?
-6b975
-24261523 (base 7) to base 5
-1023310212
-2210101012212 (base 3) to base 15
-1e4918
-103203033000 (base 4) to base 2
-10011100011001111000000
Convert -14001102 (base 5) to base 6.
-3003425
What is 8012067 (base 9) in base 14?
7cc49a
-6f08 (base 16) to base 2
-110111100001000
146607 (base 13) to base 3
221101111220
Convert -2110001310 (base 4) to base 12.
-252a70
What is -254527 (base 12) in base 9?
-1127354
Convert 9b0269 (base 13) to base 12.
1283a61
Convert -256233 (base 8) to base 14.
-24747
What is 4255213 (base 7) in base 8?
1763626
What is -2f0b1a (base 16) in base 14?
-5a37aa
What is -5a545 (base 13) in base 2?
-101000011100101101
What is 6a8685 (base 11) in base 2?
100010010011101010111
What is -10001000010100001100110 (base 2) in base 14?
-843ba6
What is 7566858 (base 9) in base 14?
77971b
What is b5778 (base 12) in base 13?
84341
Convert -7bb38 (base 12) to base 16.
-2879c
What is -13045115 (base 6) in base 5?
-102114330
4027593 (base 11) to base 14
d36abc
51002 (base 14) to base 6
4101550
23323423 (base 5) to base 8
642336
What is -24210764 (base 8) in base 9?
-10887066
What is -824166 (base 10) in base 14?
-1764d0
476b1a (base 13) to base 14
323843
1000110101001010110 (base 2) to base 14
77650
Convert 308ca (base 14) to base 4.
130210002
-101322024 (base 5) to base 11
-265448
Convert 15a1d3 (base 16) to base 6.
50215203
What is 1a9702 (base 11) in base 7?
2502534
9acfc3 (base 16) to base 7
152144251
What is 12323111 (base 4) in base 9?
42825
Convert -1189341 (base 12) to base 9.
-6376784
Convert 112748 (base 12) to base 3.
111220222102
What is -5374635 (base 8) in base 6?
-50511221
-113033100303 (base 4) to base 15
-804ebc
2120320230 (base 4) to base 5
130014340
Convert 101100010010110000111 (base 2) to base 3.
2201201221112
112120112021 (base 3) to base 5
33140012
105340 (base 14) to base 2
10000110110011111100
Convert 100211220112 (base 3) to base 8.
572467
What is -150340311 (base 6) in base 7?
-35263000
Convert 75991 (base 11) to base 6.
2210443
-23b39 (base 16) to base 10
-146233
What is -14003534 (base 6) in base 11?
-29a199
What is -10100100100000001100101 (base 2) in base 12?
-197b571
What is 143248 (base 9) in base 7?
513434
-3204044214 (base 5) to base 13
-150a574
What is -32335605 (base 7) in base 15?
-399660
Convert 19005 (base 11) to base 12.
134a9
-121120022 (base 3) to base 4
-2330231
Convert 12044230 (base 5) to base 15.
234b0
What is -710560 (base 11) in base 13?
-310148
What is 639166 (base 11) in base 14?
1c8849
Convert 2a17 (base 12) to base 16.
1333
What is -102222010122100 (base 3) in base 9?
-12863570
Convert 510721 (base 13) to base 10.
1886236
72a36 (base 11) to base 15
217d3
21e73 (base 16) to base 10
138867
13233021031 (base 4) to base 7
23144566
What is 211639 (base 13) in base 16?
bd106
What is -10954 (base 13) in base 9?
-45321
-1410604 (base 7) to base 12
-90674
88ea24 (base 15) to base 10
6529534
What is -12120110211121 (base 3) in base 14?
-57153a
What is 8a623 (base 11) in base 3?
20122221212
8feed5 (base 16) to base 3
122202020100120
Convert -d7fa2b (base 16) to base 2.
-110101111111101000101011
What is -91785 (base 15) in base 9?
-771858
What is 1b293c (base 13) in base 14?
13dd9c
267b3 (base 16) to base 15
31a7e
What is 101211101110 (base 3) in base 9?
354343
-24979 (base 13) to base 8
-203713
What is -33426122 (base 7) in base 6?
-142035225
What is -9b152e (base 15) in base 4?
-130031213102
What is -107dc (base 15) in base 13?
-1ab14
What is -1084117 (base 10) in base 2?
-100001000101011010101
48ca4 (base 14) to base 12
870a8
20540034 (base 7) to base 2
110101000111111001110
-20121222100 (base 3) to base 2
-11111110110101001
What is -254040 (base 6) in base 14?
-84d2
1443044423 (base 5) to base 12
1370341
-1c88 (base 15) to base 5
-144303
893c (base 13) to base 5
1103043
Convert 169866 (base 10) to base 11.
106694
What is -32410323 (base 5) in base 12?
-115446
Convert -2613627 (base 10) to base 3.
-11220210020000
5602755 (base 8) to base 3
2211122202011
Convert 21576 (base 16) to base 12.
67046
What is -323322123 (base 4) in base 3?
-110110122000
What is -e4060 (base 15) in base 2?
-10110000010110100100
What is -29ae5 (base 15) in base 2?
-100000101111001010
What is -807658 (base 10) in base 4?
-3011023222
1253581 (base 9) to base 2
10100111001111010001
100145500 (base 6) to base 10
1693836
-62601 (base 7) to base 16
-3c1b
What is -211043313 (base 5) in base 4?
-3112112012
4054221 (base 7) to base 6
14213050
543a (base 13) to base 16
2dbe
Convert 316329 (base 11) to base 10.
506174
What is 129965 (base 13) in base 9?
754888
261513 (base 7) to base 9
73620
134059 (base 13) to base 4
1301232232
Convert 112473 (base 14) to base 6.
20253141
Convert 11110111110010010100 (base 2) to base 12.
40b418
Convert 174875 (base 9) to base 10.
108608
What is -455480 (base 11) in base 2?
-10110000111010011100
-100011001010011101011 (base 2) to base 13
-3145c6
-1000111011010110 (base 2) to base 12
-191b2
-138b (base 16) to base 15
-1738
Convert 551d61 (base 15) to base 6.
222535331
29e4be (base 16) to base 14
5167b8
70189 (base 12) to base 7
1143624
Convert -95286 (base 16) to base 8.
-2251206
-315a0 (base 12) to base 15
-142d6
-ac30c (base 13) to base 11
-1a3865
11a030 (base 13) to base 4
1212333213
Convert -266425 (base 13) to base 10.
-927841
Convert -214eca (base 15) to base 6.
-53555331
-10102101021 (base 3) to base 4
-100130101
897087 (base 11) to base 5
331221324
Convert 2203141 (base 7) to base 9.
451351
3262424 (base 8) to base 12
364018
110232220 (base 4) to base 3
11022110121
-38271a (base 13) to base 10
-1347967
-10111010000010011100010 (base 2) to base 8
-27202342
16d3a (base 15) to base 3
10202022101
Convert -80915 (base 10) to base 3.
-11002222212
What is -28c20 (base 14) in base 10?
-101164
Convert -1424651 (base 7) to base 16.
-2eb95
Convert 22337 (base 14) to base 9.
135714
What is -125004444 (base 6) in base 15?
-33cea4
What is -33ad5 (base 15) in base 3?
-22100120202
10010010111000110001 (base 2) to base 13
180b09
What is 2220230133 (base 4) in base 3?
1022002211200
1cada2 (base 16) to base 13
50a609
Convert 112112222002 (base 3) to base 11.
18625a
25b3a (base 15) to base 5
12330110
-34332043 (base 5) to base 14
-80566
Convert -11679b (base 15) to base 7.
-10033400
What is -1075b03 (base 12) in base 10?
-3141363
What is 102300311 (base 6) in base 8?
6664423
What is 4131124 (base 6) in base 4?
300132130
Convert 101015301 (base 6) to base 2.
110100110000011110101
-142502345 (base 6) to base 3
-12111222010002
3945b5 (base 13) to base 6
45332101
-2102021231 (base 4) to base 3
-1010102011202
-100010100000000100 (base 2) to base 9
-234757
-441a5 (base 11) to base 13
-23258
-101011100010110000010 (base 2) to base 14
-291d98
Convert 10110330202 (base 4) to base 6.
40151414
What is -1000011010000001011 (base 2) in base 8?
-1032013
-22233211 (base 5) to base 9
-327840
What is -894079a (base 11) in base 10?
-15681467
20551415 (base 8) to base 2
10000101101001100001101
What is 93618a1 (base 11) in base 14?
229d6a6
What is -150a1 (base 13) in base 7?
-223451
3123002313 (base 4) to base 6
31121423
What is -1011220002211 (base 3) in base 14?
-124aad
-468a0 (base 16) to base 4
-1012202200
Convert 102102002000011 (base 3) to base 15.
7eba51
What is 2472842 (base 9) in base 6?
44512445
775a69 (base 13) to base 16
2ae75c
Convert -1eb9e (base 15) to base 13.
-36989
-f5ed (base 16) to base 13
-2286b
10111030202 (base 4) to base 15
17662e
Convert -542444 (base 6) to base 3.
-2021021101
What is -17114535 (base 9) in base 16?
-82cc73
What is 7297 (base 13) in base 14?
5ab7
-225001011 (base 7) to base 14
-1b84708
-101222121121 (base 3) to base 8
-646250
Convert a551625 (base 11) to base 10.
18596154
-12201630 (base 7) to base 14
-206517
What is -24014130 (base 5) in base 10?
-219915
Convert -14021104 (base 5) to base 13.
-4c854
What is 127a17 (base 11) in base 4?
301002232
What is -2a10e (base 15) in base 14?
-373dd
What is 41066221 (base 7) in base 14?
6535b8
-1a960d6 (base 14) to bas